. Let a be s(-4). Suppose -3*d - 2 = -i - a, 5*d + 5*i = 10. List the prime factors of d.
3
Suppose -2*g + 3*b = -41, g + 3*b - 25 = -0*g. Suppose 3*f + 0*u = u - 11, 2*u = -5*f - g. What are the prime factors of (6/f)/(9/(-30))?
5
Let a(p) = 2*p + 5. Let m be a(-6). Let f = m - -9. Suppose -3*r - f + 17 = 0. List the prime factors of r.
5
Suppose 0 = 10*s - 348 - 2. What are the prime factors of s?
5, 7
List the prime factors of (14/(-2))/(3/(-33)).
7, 11
Suppose -5*w + 280 = -235. What are the prime factors of w?
103
Let m(q) = q**3 + 4*q**2 - 6*q + 2. Suppose -5*z - f + 3 - 8 = 0, 0 = -3*f. Let u = -6 - z. List the prime factors of m(u).
7
Suppose k + 2*k - j = 34, k = 3*j + 14. List the prime factors of k.
11
Suppose -5*t + 310 = -120. List the prime factors of t.
2, 43
Let g = 644 - 444. Suppose 2*a + g = 6*a. List the prime factors of a.
2, 5
Let z(t) = 11*t + 6. What are the prime factors of z(4)?
2, 5
Let v be 2/3 - (-28)/21. Suppose 8 + 8 = v*i. What are the prime factors of i?
2
Suppose 0 = -4*c + b + 94, 0*c = -5*c + 2*b + 119. What are the prime factors of c?
23
Suppose -y + 0*y = -38. Suppose 3*b - 102 = -5*k, -5*b + 20 + y = 3*k. List the prime factors of k.
3, 7
Suppose 0 = 2*l - 3*d - 16, 0*l = l + 3*d - 17. List the prime factors of l.
11
What are the prime factors of (-8)/(-2)*(0 + 4)?
2
What are the prime factors of 20/(-20)*-1*71?
71
Suppose -a + 88 + 150 = 0. List the prime factors of a.
2, 7, 17
Let z = 7 - 5. Suppose -14 - 14 = -z*f. List the prime factors of 3 + (f - (-1 - -2)).
2
Suppose 0 = 2*f - f - 3. Let w = 14 - f. List the prime factors of w.
11
List the prime factors of (-2 + -10)*(-22)/4.
2, 3, 11
Let n(u) = 8*u**2 - 7*u + 9. Let v be n(8). Let o be 4*(v/(-12))/(-5). Let c = o - 14. List the prime factors of c.
17
Let q(n) = -n + 35. Let g be q(0). Let k = 20 - g. Let i = k + 21. List the prime factors of i.
2, 3
Let j(w) = w**3 - 6*w**2 + 4*w + 3. Let y be j(5). Let z be (-480)/(-27) - y/9. Suppose z = 4*m - 14. What are the prime factors of m?
2
Let i(z) = z**2 + 7*z + 2. Let b be i(-7). Suppose b*s - 6 = -s. Suppose -s*u = 3*r - 41, -5*u + 45 = -4*r - 0. What are the prime factors of u?
13
Suppose -5*c - 4*j + 135 - 6 = 0, -2*c + j = -62. What are the prime factors of c?
29
Let m(n) = n**3 - n**2 - n - 1. Let z(p) = 6*p**3 - 12*p**2 - 8*p + 4. Let k(j) = 5*m(j) - z(j). What are the prime factors of k(7)?
2, 3
Let y be 8/3 + 2/(-3). Suppose -u = 2*h - 8, -5*u = -2*h - y*h - 12. What are the prime factors of u?
2
Let b(s) = -s**3 + 6*s**2 - s + 7. Let d be b(6). What are the prime factors of 1 + d*(12 - 2)?
11
Suppose -16*s + 10*s + 906 = 0. List the prime factors of s.
151
Let u be (-3 - -5) + -2 + 160. Suppose c + u = 6*c. What are the prime factors of c?
2
Suppose 13*c = 3*c + 2540. What are the prime factors of c?
2, 127
Let n(y) = -y**3 - 7*y**2 - 7*y + 6. List the prime factors of n(-6).
2, 3
Suppose 0 = -9*f + 768 + 654. What are the prime factors of f?
2, 79
Suppose 3*t - 68 = -t - 3*w, 2*w - 36 = -2*t. Let s = t + -11. What are the prime factors of s?
3
Suppose -163 - 5 = -4*t - 4*j, 0 = 5*j - 5. Let d = t - 23. List the prime factors of 1/((1/d)/1).
2, 3
Suppose 4*n - 5*u - 158 = 0, 2*n + 0*u - 5*u = 84. What are the prime factors of n?
37
Suppose 2*i + 2 = 4*d, -d - i - 2*i + 18 = 0. Let u(h) = 2*h**2 - h. What are the prime factors of u(d)?
3, 5
Suppose -5*b - 10 = -6*b. List the prime factors of b.
2, 5
Suppose 5*s - 13 = 7. Suppose -s*k = 5*j - 28, 0*k + 4*k = 4*j - 44. List the prime factors of j.
2
Let f be 1 + -2*3/(-2). Suppose -f*g - 4 = -6*g. List the prime factors of g.
2
Let n(b) = -19*b**2 + 5*b + 3. Let t(p) = 10*p**2 - 3*p - 2. Let u(h) = -3*n(h) - 5*t(h). List the prime factors of u(-1).
2
Let o(l) = -2 + 16*l**2 - 3*l**2 - 2*l + 3. Let c be 3/2*2/3. What are the prime factors of o(c)?
2, 3
Let s = 75 - -5. Suppose -w - w + s = 0. List the prime factors of w.
2, 5
Suppose -3*y - 156 = -6*y - c, -2*c = 2*y - 100. What are the prime factors of y?
53
Suppose a - 19 = -5*n, 3*a + 2*n = n + 71. What are the prime factors of a?
2, 3
Let n = 1 - -2. Let d(o) = o**3 - 2*o**2 + 3*o - 4. List the prime factors of d(n).
2, 7
Let o(j) = 13*j - 4. Let h be o(3). Suppose 2*z + 3*z = h. List the prime factors of z.
7
Let b = 2 - 2. Suppose 3*x + x + 72 = b. List the prime factors of (8 + x)/(1/(-2)).
2, 5
Let o(y) = y**3 + 5*y**2 - 2*y - 4. Suppose 0 = -4*x - 0*x. Suppose x = -5*k + p - 21, 3*k + 13 = -2*p - 10. List the prime factors of o(k).
2, 3
Suppose -2*o + 7 = 93. Let t = 33 + -64. Let g = t - o. What are the prime factors of g?
2, 3
Let r(y) = -19*y + 70. What are the prime factors of r(-8)?
2, 3, 37
Let x(m) = -m**2 + 19*m - 1. What are the prime factors of x(6)?
7, 11
Suppose 0 = 4*u - 8. Let z(g) = 3*g - 2. What are the prime factors of z(u)?
2
List the prime factors of (77 + 1)*26/39.
2, 13
Let j = -2 - -6. Suppose 4*t + 95 = 5*i, -3*i + j*t = -5*i + 38. List the prime factors of i.
19
Let v(i) = 2*i**2 + 2*i - 1. Let x be v(1). Suppose t + x*t - 84 = 0. Suppose -5*q + 2*q = -t. List the prime factors of q.
7
Let o = 5 + -3. Let y = 9 + o. List the prime factors of y.
11
Suppose -5*d = -2*n + 26 + 31, -5*d = -3*n + 83. What are the prime factors of n?
2, 13
Let c(o) = 2*o**3 - 7*o**2 - 3*o**3 + 8 + 0*o - 5*o. List the prime factors of c(-6).
2
List the prime factors of 3/((-2)/((-28)/6)).
7
Suppose 8*a - 844 = 1012. What are the prime factors of a?
2, 29
Suppose 260 = 6*f - 2*f - 4*a, f + 5*a - 59 = 0. Suppose -k - k = -f. What are the prime factors of k?
2
What are the prime factors of 5 - (-1 + 2) - (1 - 60)?
3, 7
Let n(h) = 6*h**2 + 1. Suppose -3*l - 3*v = 9 + 9, 2*l - 5*v - 23 = 0. What are the prime factors of n(l)?
7
Suppose 116 = 2*h - 2*w, -8*h - 5*w = -11*h + 182. List the prime factors of h.
2, 3
Let o be (6/(-4))/((-1)/4). Let d(l) = -l**2 + 7*l + 11. Let u(m) = m**2 - 7*m - 10. Let c(g) = -4*d(g) - 5*u(g). What are the prime factors of c(o)?
2, 3
Let h(f) = 6*f**2 - f. Let w(g) = 9*g**2 - 2*g. Let c(p) = -7*h(p) + 5*w(p). Suppose -q + 2 = j, -4*q - 1 = -5*j - 9. List the prime factors of c(q).
2, 3
Suppose -5*m + 19 = 3*a - 0, -2*m = 5*a. Suppose -4*u - 2*h - 2 = 0, -3*h = 2*u - 0 - m. What are the prime factors of 2*((-9)/u)/1?
3
Let j(a) = 22*a**3 + 1. List the prime factors of j(1).
23
Suppose -3*l + 403 - 36 = -u, 0 = -3*l - 5*u + 379. What are the prime factors of l?
3, 41
Suppose 0 = -v - 3*v. Suppose -q - 2*q = v. Let l(o) = -o + 2. List the prime factors of l(q).
2
Let h(i) = -i**3 + 5*i**2 + 7*i + 5. Let m(q) = q - 1. Let y be m(7). What are the prime factors of h(y)?
11
Let h(w) = -3*w + 2*w + 2*w + 2 - 5. Let k = 3 + 3. List the prime factors of h(k).
3
Suppose 4*w = 5*i + 40, -2*i - 68 = 2*i + 4*w. Let t = -24 - i. Let s = t + 23. What are the prime factors of s?
11
Suppose 21*l + 78 = 24*l. List the prime factors of l.
2, 13
Suppose 0 = 3*o + 2*o - 10. Suppose -5*h + 8*n - 4*n + 156 = 0, 0 = -o*h + 4*n + 72. List the prime factors of h.
2, 7
Let f(m) = -m**3 + 6*m**2 - 4*m + 2. Let q be (-11)/(-2) - 3/6. List the prime factors of f(q).
7
Let m = -8 - -32. List the prime factors of m.
2, 3
Suppose -p = -5*p + 20. Let g be (-4)/(-10) + (-99)/(-15). Suppose -p = -j + g. What are the prime factors of j?
2, 3
Let f be 12/4*(2 - 1). Suppose a - 7 = -4*t, -2*t - f*t = 5*a - 35. List the prime factors of a.
7
Let w(p) be the first derivative of p**2/2 - p - 2. Let y be w(8). Suppose 3*g - 23 = y. What are the prime factors of g?
2, 5
Suppose -555 = -5*i + 2*i. Suppose -4*g + 2*z + i = g, 0 = 2*z. What are the prime factors of g?
37
Suppose -3*w = 3*k - 9, -k = 5*w - 8 - 3. Let j(z) = 14*z**3 + z**2 - z. List the prime factors of j(k).
2, 7
Let t(r) = 3*r**3 + 4*r**2 + r + 4. Let b(n) = -7*n**3 - 8*n**2 - 3*n - 9. Let x(k) = 4*b(k) + 9*t(k). List the prime factors of x(2).
2
Suppose 5*z - 1 = -3*a, -a - 4*a - 7 = 4*z. List the prime factors of a/(-6)*-10*-1.
5
Let i = -7 - -9. List the prime factors of i.
2
Let y = 5 - 3. Let d be (2/(-6))/(y/(-24)). Suppose 4*u + 0*a - 44 = -3*a, 3*u - 58 = d*a. What are the prime factors of u?
2, 7
Suppose 0*h + 10*h = 180. Suppose -2*d - 8 = -3*d. Suppose -3*r + 29 = 2*q - d, -2*r + h = q. What are the prime factors of q?
2, 5
Let